, 823
What are the prime factors of 6322?
2, 29, 109
List the prime factors of 14480.
2, 5, 181
List the prime factors of 4910.
2, 5, 491
What are the prime factors of 70497?
3, 7, 373
What are the prime factors of 76540?
2, 5, 43, 89
What are the prime factors of 14031?
3, 1559
What are the prime factors of 679?
7, 97
List the prime factors of 3407.
3407
List the prime factors of 16800.
2, 3, 5, 7
What are the prime factors of 5226?
2, 3, 13, 67
List the prime factors of 1223.
1223
List the prime factors of 788.
2, 197
List the prime factors of 29027.
29027
List the prime factors of 77858.
2, 11, 3539
What are the prime factors of 2142?
2, 3, 7, 17
List the prime factors of 622.
2, 311
List the prime factors of 1979.
1979
List the prime factors of 372.
2, 3, 31
What are the prime factors of 4529?
7, 647
What are the prime factors of 12486?
2, 3, 2081
List the prime factors of 656.
2, 41
List the prime factors of 39123.
3, 7, 23
List the prime factors of 23503.
19, 1237
What are the prime factors of 41712?
2, 3, 11, 79
What are the prime factors of 124308?
2, 3, 1151
What are the prime factors of 3051?
3, 113
List the prime factors of 10231.
13, 787
List the prime factors of 1434.
2, 3, 239
List the prime factors of 1535.
5, 307
What are the prime factors of 672?
2, 3, 7
List the prime factors of 1960.
2, 5, 7
List the prime factors of 2711.
2711
What are the prime factors of 1061?
1061
What are the prime factors of 13418?
2, 6709
List the prime factors of 46845.
3, 5, 347
What are the prime factors of 536?
2, 67
List the prime factors of 5550.
2, 3, 5, 37
What are the prime factors of 3501?
3, 389
What are the prime factors of 3668?
2, 7, 131
List the prime factors of 2589.
3, 863
What are the prime factors of 442?
2, 13, 17
List the prime factors of 37254.
2, 3, 7, 887
List the prime factors of 30088.
2, 3761
What are the prime factors of 11326?
2, 7, 809
What are the prime factors of 4039?
7, 577
List the prime factors of 1038.
2, 3, 173
List the prime factors of 112694.
2, 29, 67
What are the prime factors of 1563?
3, 521
What are the prime factors of 11668?
2, 2917
What are the prime factors of 6403?
19, 337
What are the prime factors of 2261?
7, 17, 19
List the prime factors of 3060.
2, 3, 5, 17
What are the prime factors of 56515?
5, 89, 127
List the prime factors of 9989.
7, 1427
What are the prime factors of 921?
3, 307
What are the prime factors of 1769?
29, 61
What are the prime factors of 7152?
2, 3, 149
What are the prime factors of 1687?
7, 241
List the prime factors of 41020.
2, 5, 7, 293
What are the prime factors of 5282?
2, 19, 139
List the prime factors of 3374.
2, 7, 241
What are the prime factors of 49599?
3, 11, 167
List the prime factors of 2212.
2, 7, 79
What are the prime factors of 16268?
2, 7, 83
What are the prime factors of 10297?
7, 1471
List the prime factors of 44.
2, 11
List the prime factors of 3569.
43, 83
What are the prime factors of 1479?
3, 17, 29
What are the prime factors of 21955?
5, 4391
What are the prime factors of 598?
2, 13, 23
List the prime factors of 10680.
2, 3, 5, 89
List the prime factors of 401.
401
List the prime factors of 1779.
3, 593
What are the prime factors of 400?
2, 5
List the prime factors of 82.
2, 41
List the prime factors of 4968.
2, 3, 23
List the prime factors of 4659.
3, 1553
List the prime factors of 69945.
3, 5, 4663
What are the prime factors of 6650?
2, 5, 7, 19
List the prime factors of 1003.
17, 59
List the prime factors of 445.
5, 89
List the prime factors of 92.
2, 23
List the prime factors of 1818.
2, 3, 101
What are the prime factors of 1482?
2, 3, 13, 19
What are the prime factors of 141960?
2, 3, 5, 7, 13
What are the prime factors of 23655?
3, 5, 19, 83
What are the prime factors of 62986?
2, 7, 11, 409
What are the prime factors of 2278?
2, 17, 67
What are the prime factors of 146210?
2, 5, 14621
What are the prime factors of 1419?
3, 11, 43
What are the prime factors of 1039?
1039
What are the prime factors of 140126?
2, 7, 10009
What are the prime factors of 29004?
2, 3, 2417
What are the prime factors of 593?
593
List the prime factors of 30797.
13, 23, 103
What are the prime factors of 6997?
6997
List the prime factors of 65432.
2, 8179
List the prime factors of 61762.
2, 30881
List the prime factors of 37443.
3, 7, 1783
List the prime factors of 31680.
2, 3, 5, 11
What are the prime factors of 49612?
2, 79, 157
What are the prime factors of 37282?
2, 7, 2663
What are the prime factors of 15128?
2, 31, 61
What are the prime factors of 89?
89
List the prime factors of 3533.
3533
What are the prime factors of 27751?
27751
List the prime factors of 14883.
3, 11, 41
List the prime factors of 16993.
16993
List the prime factors of 4088.
2, 7, 73
What are the prime factors of 3213?
3, 7, 17
List the prime factors of 1630.
2, 5, 163
List the prime factors of 3205.
5, 641
List the prime factors of 297.
3, 11
List the prime factors of 8507.
47, 181
List the prime factors of 80437.
7, 11491
What are the prime factors of 155?
5, 31
What are the prime factors of 10932?
2, 3, 911
List the prime factors of 22381.
22381
List the prime factors of 9129.
3, 17, 179
What are the prime factors of 18893?
7, 2699
What are the prime factors of 1395?
3, 5, 31
List the prime factors of 17690.
2, 5, 29, 61
What are the prime factors of 24702?
2, 3, 23, 179
What are the prime factors of 2476?
2, 619
List the prime factors of 2037.
3, 7, 97
List the prime factors of 73.
73
List the prime factors of 28179.
3, 31, 101
List the prime factors of 8889.
3, 2963
What are the prime factors of 1503?
3, 167
What are the prime factors of 56851?
139, 409
What are the prime factors of 3996?
2, 3, 37
What are the prime factors of 17031?
3, 7, 811
List the prime factors of 1920.
2, 3, 5
What are the prime factors of 24106?
2, 17, 709
What are the prime factors of 1307?
1307
What are the prime factors of 18833?
37, 509
What are the prime factors of 5754?
2, 3, 7, 137
List the prime factors of 474.
2, 3, 79
List the prime factors of 1254.
2, 3, 11, 19
List the prime factors of 2894.
2, 1447
List the prime factors of 4087.
61, 67
List the prime factors of 2178.
2, 3, 11
What are the prime factors of 3054?
2, 3, 509
List the prime factors of 6443.
17, 379
What are the prime factors of 3155?
5, 631
List the prime factors of 601.
601
List the prime factors of 4461.
3, 1487
What are the prime factors of 2832?
2, 3, 59
List the prime factors of 45723.
3, 15241
List the prime factors of 19151.
11, 1741
What are the prime factors of 11910?
2, 3, 5, 397
What are the prime factors of 27163?
23, 1181
List the prime factors of 10645.
5, 2129
What are the prime factors of 3075?
3, 5, 41
List the prime factors of 5779.
5779
List the prime factors of 1709.
1709
What are the prime factors of 2493?
3, 277
List the prime factors of 2033.
19, 107
List the prime factors of 6252.
2, 3, 521
What are the prime factors of 20233?
20233
What are the prime factors of 25718?
2, 7, 11, 167
List the prime factors of 112076.
2, 28019
List the prime factors of 4661.
59, 79
What are the prime factors of 29014?
2, 89, 163
List the prime factors of 9.
3
List the prime factors of 22025.
5, 881
What are the prime factors of 7958?
2, 23, 173
What are the prime factors of 8079?
3, 2693
What are the prime factors of 807?
3, 269
List the prime factors of 4105.
5, 821
What are the prime factors of 89423?
223, 401
List the prime factors of 6446.
2, 11, 293
What are the prime factors of 1370?
2, 5, 137
List the prime factors of 631.
631
List the prime factors of 4025.
5, 7, 23
What are the prime factors of 1987?
1987
What are the prime factors of 11172?
2, 3, 7, 19
What are the prime factors of 654?
2, 3, 109
What are the prime factors of 14967?
3, 1663
What are the prime factors of 8388?
2, 3, 233
List the prime factors of 39659.
39659
List the prime factors of 1264.
2, 79
What are the prime factors of 26222?
2, 7, 1873
List the prime factors of 141374.
2, 70687
List the prime factors of 707.
7, 101
What are the prime factors of 12326?
2, 6163
What are the prime factors of 34662?
2, 3, 53, 109
List the prime factors of 5951.
11, 541
What are the prime factors of 1318?
2, 659
List the prime factors of 7155.
3, 5, 53
What are the prime fact